{"id":1696,"date":"2021-02-05T10:46:33","date_gmt":"2021-02-05T09:46:33","guid":{"rendered":"http:\/\/alterciacho.pl\/?post_type=product&#038;p=1696"},"modified":"2024-04-15T18:29:32","modified_gmt":"2024-04-15T16:29:32","slug":"baileys-coffee","status":"publish","type":"product","link":"https:\/\/alterciacho.pl\/index.php\/produkt\/baileys-coffee\/","title":{"rendered":"Baileys coffee (cena za 4szt i wi\u0119cej)"},"content":{"rendered":"","protected":false},"excerpt":{"rendered":"<p><span style=\"font-weight: 400;\">Kruche ciasto migda\u0142owe\/ biszkopt kawowy\/ cremeux baileys\/ mus kawowo-waniliowy na bia\u0142ej czekoladzie \/ glazura kawowa\/ dekoracja bia\u0142a czekolada z kaw\u0105<\/span><\/p>\n<p>Cena za szt: 19 z\u0142; min. zam\u00f3wienie: 5 szt<\/p>\n<p>W celu zam\u00f3wienia wi\u0119kszej ilo\u015bci prosz\u0119 doda\u0107 produkt do koszyka 2 razy np 5 i 6 szt by zam\u00f3wi\u0107 11 szt.<\/p>\n","protected":false},"featured_media":1801,"template":"","meta":[],"product_brand":[],"product_cat":[346],"product_tag":[],"class_list":{"0":"post-1696","1":"product","2":"type-product","3":"status-publish","4":"has-post-thumbnail","6":"product_cat-monoporcje","8":"first","9":"instock","10":"shipping-taxable","11":"purchasable","12":"product-type-variable"},"yoast_head":"<!-- This site is optimized with the Yoast SEO plugin v20.11 - https:\/\/yoast.com\/wordpress\/plugins\/seo\/ -->\n<title>Baileys coffee (cena za 4szt i wi\u0119cej) - Alterciacho<\/title>\n<meta name=\"robots\" content=\"index, follow, max-snippet:-1, max-image-preview:large, max-video-preview:-1\" \/>\n<link rel=\"canonical\" href=\"https:\/\/alterciacho.pl\/index.php\/produkt\/baileys-coffee\/\" \/>\n<meta property=\"og:locale\" content=\"pl_PL\" \/>\n<meta property=\"og:type\" content=\"article\" \/>\n<meta property=\"og:title\" content=\"Baileys coffee (cena za 4szt i wi\u0119cej) - Alterciacho\" \/>\n<meta property=\"og:description\" content=\"Kruche ciasto migda\u0142owe\/ biszkopt kawowy\/ cremeux baileys\/ mus kawowo-waniliowy na bia\u0142ej czekoladzie \/ glazura kawowa\/ dekoracja bia\u0142a czekolada z kaw\u0105  Cena za szt: 19 z\u0142; min. zam\u00f3wienie: 5 szt  W celu zam\u00f3wienia wi\u0119kszej ilo\u015bci prosz\u0119 doda\u0107 produkt do koszyka 2 razy np 5 i 6 szt by zam\u00f3wi\u0107 11 szt.\" \/>\n<meta property=\"og:url\" content=\"https:\/\/alterciacho.pl\/index.php\/produkt\/baileys-coffee\/\" \/>\n<meta property=\"og:site_name\" content=\"Alterciacho\" \/>\n<meta property=\"article:modified_time\" content=\"2024-04-15T16:29:32+00:00\" \/>\n<meta property=\"og:image\" content=\"https:\/\/alterciacho.pl\/wp-content\/uploads\/2021\/02\/coffe-1.jpg\" \/>\n\t<meta property=\"og:image:width\" content=\"2215\" \/>\n\t<meta property=\"og:image:height\" content=\"2003\" \/>\n\t<meta property=\"og:image:type\" content=\"image\/jpeg\" \/>\n<meta name=\"twitter:card\" content=\"summary_large_image\" \/>\n<script type=\"application\/ld+json\" class=\"yoast-schema-graph\">{\"@context\":\"https:\/\/schema.org\",\"@graph\":[{\"@type\":\"WebPage\",\"@id\":\"https:\/\/alterciacho.pl\/index.php\/produkt\/baileys-coffee\/\",\"url\":\"https:\/\/alterciacho.pl\/index.php\/produkt\/baileys-coffee\/\",\"name\":\"Baileys coffee (cena za 4szt i wi\u0119cej) - Alterciacho\",\"isPartOf\":{\"@id\":\"https:\/\/alterciacho.pl\/#website\"},\"datePublished\":\"2021-02-05T09:46:33+00:00\",\"dateModified\":\"2024-04-15T16:29:32+00:00\",\"breadcrumb\":{\"@id\":\"https:\/\/alterciacho.pl\/index.php\/produkt\/baileys-coffee\/#breadcrumb\"},\"inLanguage\":\"pl-PL\",\"potentialAction\":[{\"@type\":\"ReadAction\",\"target\":[\"https:\/\/alterciacho.pl\/index.php\/produkt\/baileys-coffee\/\"]}]},{\"@type\":\"BreadcrumbList\",\"@id\":\"https:\/\/alterciacho.pl\/index.php\/produkt\/baileys-coffee\/#breadcrumb\",\"itemListElement\":[{\"@type\":\"ListItem\",\"position\":1,\"name\":\"Strona g\u0142\u00f3wna\",\"item\":\"https:\/\/alterciacho.pl\/\"},{\"@type\":\"ListItem\",\"position\":2,\"name\":\"Sklep\",\"item\":\"https:\/\/alterciacho.pl\/index.php\/sklep\/\"},{\"@type\":\"ListItem\",\"position\":3,\"name\":\"Baileys coffee (cena za 4szt i wi\u0119cej)\"}]},{\"@type\":\"WebSite\",\"@id\":\"https:\/\/alterciacho.pl\/#website\",\"url\":\"https:\/\/alterciacho.pl\/\",\"name\":\"Alterciacho\",\"description\":\"Alterciacho Pracownia Cukiernicza\",\"publisher\":{\"@id\":\"https:\/\/alterciacho.pl\/#organization\"},\"potentialAction\":[{\"@type\":\"SearchAction\",\"target\":{\"@type\":\"EntryPoint\",\"urlTemplate\":\"https:\/\/alterciacho.pl\/?s={search_term_string}\"},\"query-input\":\"required name=search_term_string\"}],\"inLanguage\":\"pl-PL\"},{\"@type\":\"Organization\",\"@id\":\"https:\/\/alterciacho.pl\/#organization\",\"name\":\"Alterciacho\",\"url\":\"https:\/\/alterciacho.pl\/\",\"logo\":{\"@type\":\"ImageObject\",\"inLanguage\":\"pl-PL\",\"@id\":\"https:\/\/alterciacho.pl\/#\/schema\/logo\/image\/\",\"url\":\"https:\/\/alterciacho.pl\/wp-content\/uploads\/2021\/04\/alterciacho_logo_144x144.png\",\"contentUrl\":\"https:\/\/alterciacho.pl\/wp-content\/uploads\/2021\/04\/alterciacho_logo_144x144.png\",\"width\":144,\"height\":144,\"caption\":\"Alterciacho\"},\"image\":{\"@id\":\"https:\/\/alterciacho.pl\/#\/schema\/logo\/image\/\"}}]}<\/script>\n<!-- \/ Yoast SEO plugin. -->","yoast_head_json":{"title":"Baileys coffee (cena za 4szt i wi\u0119cej) - Alterciacho","robots":{"index":"index","follow":"follow","max-snippet":"max-snippet:-1","max-image-preview":"max-image-preview:large","max-video-preview":"max-video-preview:-1"},"canonical":"https:\/\/alterciacho.pl\/index.php\/produkt\/baileys-coffee\/","og_locale":"pl_PL","og_type":"article","og_title":"Baileys coffee (cena za 4szt i wi\u0119cej) - Alterciacho","og_description":"Kruche ciasto migda\u0142owe\/ biszkopt kawowy\/ cremeux baileys\/ mus kawowo-waniliowy na bia\u0142ej czekoladzie \/ glazura kawowa\/ dekoracja bia\u0142a czekolada z kaw\u0105  Cena za szt: 19 z\u0142; min. zam\u00f3wienie: 5 szt  W celu zam\u00f3wienia wi\u0119kszej ilo\u015bci prosz\u0119 doda\u0107 produkt do koszyka 2 razy np 5 i 6 szt by zam\u00f3wi\u0107 11 szt.","og_url":"https:\/\/alterciacho.pl\/index.php\/produkt\/baileys-coffee\/","og_site_name":"Alterciacho","article_modified_time":"2024-04-15T16:29:32+00:00","og_image":[{"width":2215,"height":2003,"url":"https:\/\/alterciacho.pl\/wp-content\/uploads\/2021\/02\/coffe-1.jpg","type":"image\/jpeg"}],"twitter_card":"summary_large_image","schema":{"@context":"https:\/\/schema.org","@graph":[{"@type":"WebPage","@id":"https:\/\/alterciacho.pl\/index.php\/produkt\/baileys-coffee\/","url":"https:\/\/alterciacho.pl\/index.php\/produkt\/baileys-coffee\/","name":"Baileys coffee (cena za 4szt i wi\u0119cej) - Alterciacho","isPartOf":{"@id":"https:\/\/alterciacho.pl\/#website"},"datePublished":"2021-02-05T09:46:33+00:00","dateModified":"2024-04-15T16:29:32+00:00","breadcrumb":{"@id":"https:\/\/alterciacho.pl\/index.php\/produkt\/baileys-coffee\/#breadcrumb"},"inLanguage":"pl-PL","potentialAction":[{"@type":"ReadAction","target":["https:\/\/alterciacho.pl\/index.php\/produkt\/baileys-coffee\/"]}]},{"@type":"BreadcrumbList","@id":"https:\/\/alterciacho.pl\/index.php\/produkt\/baileys-coffee\/#breadcrumb","itemListElement":[{"@type":"ListItem","position":1,"name":"Strona g\u0142\u00f3wna","item":"https:\/\/alterciacho.pl\/"},{"@type":"ListItem","position":2,"name":"Sklep","item":"https:\/\/alterciacho.pl\/index.php\/sklep\/"},{"@type":"ListItem","position":3,"name":"Baileys coffee (cena za 4szt i wi\u0119cej)"}]},{"@type":"WebSite","@id":"https:\/\/alterciacho.pl\/#website","url":"https:\/\/alterciacho.pl\/","name":"Alterciacho","description":"Alterciacho Pracownia Cukiernicza","publisher":{"@id":"https:\/\/alterciacho.pl\/#organization"},"potentialAction":[{"@type":"SearchAction","target":{"@type":"EntryPoint","urlTemplate":"https:\/\/alterciacho.pl\/?s={search_term_string}"},"query-input":"required name=search_term_string"}],"inLanguage":"pl-PL"},{"@type":"Organization","@id":"https:\/\/alterciacho.pl\/#organization","name":"Alterciacho","url":"https:\/\/alterciacho.pl\/","logo":{"@type":"ImageObject","inLanguage":"pl-PL","@id":"https:\/\/alterciacho.pl\/#\/schema\/logo\/image\/","url":"https:\/\/alterciacho.pl\/wp-content\/uploads\/2021\/04\/alterciacho_logo_144x144.png","contentUrl":"https:\/\/alterciacho.pl\/wp-content\/uploads\/2021\/04\/alterciacho_logo_144x144.png","width":144,"height":144,"caption":"Alterciacho"},"image":{"@id":"https:\/\/alterciacho.pl\/#\/schema\/logo\/image\/"}}]}},"_links":{"self":[{"href":"https:\/\/alterciacho.pl\/index.php\/wp-json\/wp\/v2\/product\/1696","targetHints":{"allow":["GET"]}}],"collection":[{"href":"https:\/\/alterciacho.pl\/index.php\/wp-json\/wp\/v2\/product"}],"about":[{"href":"https:\/\/alterciacho.pl\/index.php\/wp-json\/wp\/v2\/types\/product"}],"wp:featuredmedia":[{"embeddable":true,"href":"https:\/\/alterciacho.pl\/index.php\/wp-json\/wp\/v2\/media\/1801"}],"wp:attachment":[{"href":"https:\/\/alterciacho.pl\/index.php\/wp-json\/wp\/v2\/media?parent=1696"}],"wp:term":[{"taxonomy":"product_brand","embeddable":true,"href":"https:\/\/alterciacho.pl\/index.php\/wp-json\/wp\/v2\/product_brand?post=1696"},{"taxonomy":"product_cat","embeddable":true,"href":"https:\/\/alterciacho.pl\/index.php\/wp-json\/wp\/v2\/product_cat?post=1696"},{"taxonomy":"product_tag","embeddable":true,"href":"https:\/\/alterciacho.pl\/index.php\/wp-json\/wp\/v2\/product_tag?post=1696"}],"curies":[{"name":"wp","href":"https:\/\/api.w.org\/{rel}","templated":true}]}}