{"id":2002,"date":"2022-01-11T19:32:49","date_gmt":"2022-01-11T18:32:49","guid":{"rendered":"http:\/\/alterciacho.pl\/?post_type=product&#038;p=2002"},"modified":"2023-09-18T20:55:00","modified_gmt":"2023-09-18T18:55:00","slug":"caramelco-mono-kopia","status":"publish","type":"product","link":"https:\/\/alterciacho.pl\/index.php\/produkt\/caramelco-mono-kopia\/","title":{"rendered":"Caramel&#038;Co mono (cena za 4 szt i wi\u0119cej)"},"content":{"rendered":"<p>Sk\u0142ad: mas\u0142o, cukier, <strong>jajka<\/strong>, <strong>m\u0105ka, kakao<\/strong>, czekolada 70%, czekolada 55% \u00a0s\u00f3l, proszek do pieczenia, czekolada mleczna, czekolada karmelowa, olej z pestek winogron, pra\u017cynki, sproszkowany karmel, Puree markuja, mas\u0142o kakaowe, b\u0142onnik cytrusowy, modyfikowana skrobia ziemniaczana, pektyna, \u017celatyna,\u00a0 <strong>\u015bmietana<\/strong> 35%, ,\u00a0 <strong>mleko<\/strong>, syrop glukozowy, mleko pe\u0142ne w proszku.<\/p>\n","protected":false},"excerpt":{"rendered":"<p><span style=\"font-weight: 400;\">Mus karmelowy w kt\u00f3rego wn\u0119trzu znajduje si\u0119 cremeux na belgijskiej czekoladzie deserowej oraz kontrastowy lekko kwaskowaty krem z marakui. Na spodzie znajdziemy biszkopt czekoladowy oraz chrupk\u0105 warstw\u0119 karmelow\u0105. Oblane glazur\u0105 na bazie czekolady karmelowej<\/span><\/p>\n<p>Cena za szt: 20 z\u0142; min. zam\u00f3wienie: 5 szt\u00a0 W celu zam\u00f3wienia wi\u0119kszej ilo\u015bci prosz\u0119 doda\u0107 produkt do koszyka 2 razy np 5 i 6 szt by zam\u00f3wi\u0107 11 szt.<\/p>\n","protected":false},"featured_media":2026,"template":"","meta":[],"product_brand":[],"product_cat":[346],"product_tag":[],"class_list":{"0":"post-2002","1":"product","2":"type-product","3":"status-publish","4":"has-post-thumbnail","6":"product_cat-monoporcje","8":"first","9":"instock","10":"shipping-taxable","11":"purchasable","12":"product-type-variable"},"yoast_head":"<!-- This site is optimized with the Yoast SEO plugin v20.11 - https:\/\/yoast.com\/wordpress\/plugins\/seo\/ -->\n<title>Caramel&amp;Co mono (cena za 4 szt i wi\u0119cej) - Alterciacho<\/title>\n<meta name=\"robots\" content=\"index, follow, max-snippet:-1, max-image-preview:large, max-video-preview:-1\" \/>\n<link rel=\"canonical\" href=\"https:\/\/alterciacho.pl\/index.php\/produkt\/caramelco-mono-kopia\/\" \/>\n<meta property=\"og:locale\" content=\"pl_PL\" \/>\n<meta property=\"og:type\" content=\"article\" \/>\n<meta property=\"og:title\" content=\"Caramel&amp;Co mono (cena za 4 szt i wi\u0119cej) - Alterciacho\" \/>\n<meta property=\"og:description\" content=\"Mus karmelowy w kt\u00f3rego wn\u0119trzu znajduje si\u0119 cremeux na belgijskiej czekoladzie deserowej oraz kontrastowy lekko kwaskowaty krem z marakui. Na spodzie znajdziemy biszkopt czekoladowy oraz chrupk\u0105 warstw\u0119 karmelow\u0105. Oblane glazur\u0105 na bazie czekolady karmelowej  Cena za szt: 20 z\u0142; min. zam\u00f3wienie: 5 szt\u00a0 W celu zam\u00f3wienia wi\u0119kszej ilo\u015bci prosz\u0119 doda\u0107 produkt do koszyka 2 razy np 5 i 6 szt by zam\u00f3wi\u0107 11 szt.\" \/>\n<meta property=\"og:url\" content=\"https:\/\/alterciacho.pl\/index.php\/produkt\/caramelco-mono-kopia\/\" \/>\n<meta property=\"og:site_name\" content=\"Alterciacho\" \/>\n<meta property=\"article:modified_time\" content=\"2023-09-18T18:55:00+00:00\" \/>\n<meta property=\"og:image\" content=\"https:\/\/alterciacho.pl\/wp-content\/uploads\/2022\/01\/DSC_7664-3-scaled.jpg\" \/>\n\t<meta property=\"og:image:width\" content=\"1612\" \/>\n\t<meta property=\"og:image:height\" content=\"2560\" \/>\n\t<meta property=\"og:image:type\" content=\"image\/jpeg\" \/>\n<meta name=\"twitter:card\" content=\"summary_large_image\" \/>\n<meta name=\"twitter:label1\" content=\"Szacowany czas czytania\" \/>\n\t<meta name=\"twitter:data1\" content=\"1 minuta\" \/>\n<script type=\"application\/ld+json\" class=\"yoast-schema-graph\">{\"@context\":\"https:\/\/schema.org\",\"@graph\":[{\"@type\":\"WebPage\",\"@id\":\"https:\/\/alterciacho.pl\/index.php\/produkt\/caramelco-mono-kopia\/\",\"url\":\"https:\/\/alterciacho.pl\/index.php\/produkt\/caramelco-mono-kopia\/\",\"name\":\"Caramel&Co mono (cena za 4 szt i wi\u0119cej) - Alterciacho\",\"isPartOf\":{\"@id\":\"https:\/\/alterciacho.pl\/#website\"},\"datePublished\":\"2022-01-11T18:32:49+00:00\",\"dateModified\":\"2023-09-18T18:55:00+00:00\",\"breadcrumb\":{\"@id\":\"https:\/\/alterciacho.pl\/index.php\/produkt\/caramelco-mono-kopia\/#breadcrumb\"},\"inLanguage\":\"pl-PL\",\"potentialAction\":[{\"@type\":\"ReadAction\",\"target\":[\"https:\/\/alterciacho.pl\/index.php\/produkt\/caramelco-mono-kopia\/\"]}]},{\"@type\":\"BreadcrumbList\",\"@id\":\"https:\/\/alterciacho.pl\/index.php\/produkt\/caramelco-mono-kopia\/#breadcrumb\",\"itemListElement\":[{\"@type\":\"ListItem\",\"position\":1,\"name\":\"Strona g\u0142\u00f3wna\",\"item\":\"https:\/\/alterciacho.pl\/\"},{\"@type\":\"ListItem\",\"position\":2,\"name\":\"Sklep\",\"item\":\"https:\/\/alterciacho.pl\/index.php\/sklep\/\"},{\"@type\":\"ListItem\",\"position\":3,\"name\":\"Caramel&#038;Co mono (cena za 4 szt i wi\u0119cej)\"}]},{\"@type\":\"WebSite\",\"@id\":\"https:\/\/alterciacho.pl\/#website\",\"url\":\"https:\/\/alterciacho.pl\/\",\"name\":\"Alterciacho\",\"description\":\"Alterciacho Pracownia Cukiernicza\",\"publisher\":{\"@id\":\"https:\/\/alterciacho.pl\/#organization\"},\"potentialAction\":[{\"@type\":\"SearchAction\",\"target\":{\"@type\":\"EntryPoint\",\"urlTemplate\":\"https:\/\/alterciacho.pl\/?s={search_term_string}\"},\"query-input\":\"required name=search_term_string\"}],\"inLanguage\":\"pl-PL\"},{\"@type\":\"Organization\",\"@id\":\"https:\/\/alterciacho.pl\/#organization\",\"name\":\"Alterciacho\",\"url\":\"https:\/\/alterciacho.pl\/\",\"logo\":{\"@type\":\"ImageObject\",\"inLanguage\":\"pl-PL\",\"@id\":\"https:\/\/alterciacho.pl\/#\/schema\/logo\/image\/\",\"url\":\"https:\/\/alterciacho.pl\/wp-content\/uploads\/2021\/04\/alterciacho_logo_144x144.png\",\"contentUrl\":\"https:\/\/alterciacho.pl\/wp-content\/uploads\/2021\/04\/alterciacho_logo_144x144.png\",\"width\":144,\"height\":144,\"caption\":\"Alterciacho\"},\"image\":{\"@id\":\"https:\/\/alterciacho.pl\/#\/schema\/logo\/image\/\"}}]}<\/script>\n<!-- \/ Yoast SEO plugin. -->","yoast_head_json":{"title":"Caramel&Co mono (cena za 4 szt i wi\u0119cej) - Alterciacho","robots":{"index":"index","follow":"follow","max-snippet":"max-snippet:-1","max-image-preview":"max-image-preview:large","max-video-preview":"max-video-preview:-1"},"canonical":"https:\/\/alterciacho.pl\/index.php\/produkt\/caramelco-mono-kopia\/","og_locale":"pl_PL","og_type":"article","og_title":"Caramel&Co mono (cena za 4 szt i wi\u0119cej) - Alterciacho","og_description":"Mus karmelowy w kt\u00f3rego wn\u0119trzu znajduje si\u0119 cremeux na belgijskiej czekoladzie deserowej oraz kontrastowy lekko kwaskowaty krem z marakui. Na spodzie znajdziemy biszkopt czekoladowy oraz chrupk\u0105 warstw\u0119 karmelow\u0105. Oblane glazur\u0105 na bazie czekolady karmelowej  Cena za szt: 20 z\u0142; min. zam\u00f3wienie: 5 szt\u00a0 W celu zam\u00f3wienia wi\u0119kszej ilo\u015bci prosz\u0119 doda\u0107 produkt do koszyka 2 razy np 5 i 6 szt by zam\u00f3wi\u0107 11 szt.","og_url":"https:\/\/alterciacho.pl\/index.php\/produkt\/caramelco-mono-kopia\/","og_site_name":"Alterciacho","article_modified_time":"2023-09-18T18:55:00+00:00","og_image":[{"width":1612,"height":2560,"url":"https:\/\/alterciacho.pl\/wp-content\/uploads\/2022\/01\/DSC_7664-3-scaled.jpg","type":"image\/jpeg"}],"twitter_card":"summary_large_image","twitter_misc":{"Szacowany czas czytania":"1 minuta"},"schema":{"@context":"https:\/\/schema.org","@graph":[{"@type":"WebPage","@id":"https:\/\/alterciacho.pl\/index.php\/produkt\/caramelco-mono-kopia\/","url":"https:\/\/alterciacho.pl\/index.php\/produkt\/caramelco-mono-kopia\/","name":"Caramel&Co mono (cena za 4 szt i wi\u0119cej) - Alterciacho","isPartOf":{"@id":"https:\/\/alterciacho.pl\/#website"},"datePublished":"2022-01-11T18:32:49+00:00","dateModified":"2023-09-18T18:55:00+00:00","breadcrumb":{"@id":"https:\/\/alterciacho.pl\/index.php\/produkt\/caramelco-mono-kopia\/#breadcrumb"},"inLanguage":"pl-PL","potentialAction":[{"@type":"ReadAction","target":["https:\/\/alterciacho.pl\/index.php\/produkt\/caramelco-mono-kopia\/"]}]},{"@type":"BreadcrumbList","@id":"https:\/\/alterciacho.pl\/index.php\/produkt\/caramelco-mono-kopia\/#breadcrumb","itemListElement":[{"@type":"ListItem","position":1,"name":"Strona g\u0142\u00f3wna","item":"https:\/\/alterciacho.pl\/"},{"@type":"ListItem","position":2,"name":"Sklep","item":"https:\/\/alterciacho.pl\/index.php\/sklep\/"},{"@type":"ListItem","position":3,"name":"Caramel&#038;Co mono (cena za 4 szt i wi\u0119cej)"}]},{"@type":"WebSite","@id":"https:\/\/alterciacho.pl\/#website","url":"https:\/\/alterciacho.pl\/","name":"Alterciacho","description":"Alterciacho Pracownia Cukiernicza","publisher":{"@id":"https:\/\/alterciacho.pl\/#organization"},"potentialAction":[{"@type":"SearchAction","target":{"@type":"EntryPoint","urlTemplate":"https:\/\/alterciacho.pl\/?s={search_term_string}"},"query-input":"required name=search_term_string"}],"inLanguage":"pl-PL"},{"@type":"Organization","@id":"https:\/\/alterciacho.pl\/#organization","name":"Alterciacho","url":"https:\/\/alterciacho.pl\/","logo":{"@type":"ImageObject","inLanguage":"pl-PL","@id":"https:\/\/alterciacho.pl\/#\/schema\/logo\/image\/","url":"https:\/\/alterciacho.pl\/wp-content\/uploads\/2021\/04\/alterciacho_logo_144x144.png","contentUrl":"https:\/\/alterciacho.pl\/wp-content\/uploads\/2021\/04\/alterciacho_logo_144x144.png","width":144,"height":144,"caption":"Alterciacho"},"image":{"@id":"https:\/\/alterciacho.pl\/#\/schema\/logo\/image\/"}}]}},"_links":{"self":[{"href":"https:\/\/alterciacho.pl\/index.php\/wp-json\/wp\/v2\/product\/2002","targetHints":{"allow":["GET"]}}],"collection":[{"href":"https:\/\/alterciacho.pl\/index.php\/wp-json\/wp\/v2\/product"}],"about":[{"href":"https:\/\/alterciacho.pl\/index.php\/wp-json\/wp\/v2\/types\/product"}],"wp:featuredmedia":[{"embeddable":true,"href":"https:\/\/alterciacho.pl\/index.php\/wp-json\/wp\/v2\/media\/2026"}],"wp:attachment":[{"href":"https:\/\/alterciacho.pl\/index.php\/wp-json\/wp\/v2\/media?parent=2002"}],"wp:term":[{"taxonomy":"product_brand","embeddable":true,"href":"https:\/\/alterciacho.pl\/index.php\/wp-json\/wp\/v2\/product_brand?post=2002"},{"taxonomy":"product_cat","embeddable":true,"href":"https:\/\/alterciacho.pl\/index.php\/wp-json\/wp\/v2\/product_cat?post=2002"},{"taxonomy":"product_tag","embeddable":true,"href":"https:\/\/alterciacho.pl\/index.php\/wp-json\/wp\/v2\/product_tag?post=2002"}],"curies":[{"name":"wp","href":"https:\/\/api.w.org\/{rel}","templated":true}]}}