{"id":2542,"date":"2026-02-23T19:51:09","date_gmt":"2026-02-23T18:51:09","guid":{"rendered":"https:\/\/alterciacho.pl\/?post_type=product&#038;p=2542"},"modified":"2026-02-23T19:53:23","modified_gmt":"2026-02-23T18:53:23","slug":"mini-deser-migdal-karmel-kawa","status":"publish","type":"product","link":"https:\/\/alterciacho.pl\/index.php\/produkt\/mini-deser-migdal-karmel-kawa\/","title":{"rendered":"Mini- deser migda\u0142-karmel-kawa"},"content":{"rendered":"","protected":false},"excerpt":{"rendered":"<ul>\n<li style=\"text-align: left;\">migda\u0142owy sp\u00f3d zapiekany ( frangipane )<\/li>\n<li style=\"text-align: left;\">ubijany krem karmelowo kawowy<\/li>\n<li style=\"text-align: left;\">Pralina migda\u0142owo kawowa<\/li>\n<\/ul>\n<p><strong>Cena za zestaw 16 szt.\u00a0<\/strong><\/p>\n<p>&nbsp;<\/p>\n","protected":false},"featured_media":2543,"template":"","meta":[],"product_brand":[],"product_cat":[348],"product_tag":[],"class_list":{"0":"post-2542","1":"product","2":"type-product","3":"status-publish","4":"has-post-thumbnail","6":"product_cat-mini","8":"first","9":"instock","10":"shipping-taxable","11":"purchasable","12":"product-type-simple"},"yoast_head":"<!-- This site is optimized with the Yoast SEO plugin v20.11 - https:\/\/yoast.com\/wordpress\/plugins\/seo\/ -->\n<title>Mini- deser migda\u0142-karmel-kawa - Alterciacho<\/title>\n<meta name=\"robots\" content=\"index, follow, max-snippet:-1, max-image-preview:large, max-video-preview:-1\" \/>\n<link rel=\"canonical\" href=\"https:\/\/alterciacho.pl\/index.php\/produkt\/mini-deser-migdal-karmel-kawa\/\" \/>\n<meta property=\"og:locale\" content=\"pl_PL\" \/>\n<meta property=\"og:type\" content=\"article\" \/>\n<meta property=\"og:title\" content=\"Mini- deser migda\u0142-karmel-kawa - Alterciacho\" \/>\n<meta property=\"og:description\" content=\"migda\u0142owy sp\u00f3d zapiekany ( frangipane )  ubijany krem karmelowo kawowy  Pralina migda\u0142owo kawowa  Cena za zestaw 16 szt.\u00a0  &nbsp;\" \/>\n<meta property=\"og:url\" content=\"https:\/\/alterciacho.pl\/index.php\/produkt\/mini-deser-migdal-karmel-kawa\/\" \/>\n<meta property=\"og:site_name\" content=\"Alterciacho\" \/>\n<meta property=\"article:modified_time\" content=\"2026-02-23T18:53:23+00:00\" \/>\n<meta property=\"og:image\" content=\"https:\/\/alterciacho.pl\/wp-content\/uploads\/2026\/02\/20260208_094658-scaled.jpg\" \/>\n\t<meta property=\"og:image:width\" content=\"1441\" \/>\n\t<meta property=\"og:image:height\" content=\"2560\" \/>\n\t<meta property=\"og:image:type\" content=\"image\/jpeg\" \/>\n<meta name=\"twitter:card\" content=\"summary_large_image\" \/>\n<script type=\"application\/ld+json\" class=\"yoast-schema-graph\">{\"@context\":\"https:\/\/schema.org\",\"@graph\":[{\"@type\":\"WebPage\",\"@id\":\"https:\/\/alterciacho.pl\/index.php\/produkt\/mini-deser-migdal-karmel-kawa\/\",\"url\":\"https:\/\/alterciacho.pl\/index.php\/produkt\/mini-deser-migdal-karmel-kawa\/\",\"name\":\"Mini- deser migda\u0142-karmel-kawa - Alterciacho\",\"isPartOf\":{\"@id\":\"https:\/\/alterciacho.pl\/#website\"},\"datePublished\":\"2026-02-23T18:51:09+00:00\",\"dateModified\":\"2026-02-23T18:53:23+00:00\",\"breadcrumb\":{\"@id\":\"https:\/\/alterciacho.pl\/index.php\/produkt\/mini-deser-migdal-karmel-kawa\/#breadcrumb\"},\"inLanguage\":\"pl-PL\",\"potentialAction\":[{\"@type\":\"ReadAction\",\"target\":[\"https:\/\/alterciacho.pl\/index.php\/produkt\/mini-deser-migdal-karmel-kawa\/\"]}]},{\"@type\":\"BreadcrumbList\",\"@id\":\"https:\/\/alterciacho.pl\/index.php\/produkt\/mini-deser-migdal-karmel-kawa\/#breadcrumb\",\"itemListElement\":[{\"@type\":\"ListItem\",\"position\":1,\"name\":\"Strona g\u0142\u00f3wna\",\"item\":\"https:\/\/alterciacho.pl\/\"},{\"@type\":\"ListItem\",\"position\":2,\"name\":\"Sklep\",\"item\":\"https:\/\/alterciacho.pl\/index.php\/sklep\/\"},{\"@type\":\"ListItem\",\"position\":3,\"name\":\"Mini- deser migda\u0142-karmel-kawa\"}]},{\"@type\":\"WebSite\",\"@id\":\"https:\/\/alterciacho.pl\/#website\",\"url\":\"https:\/\/alterciacho.pl\/\",\"name\":\"Alterciacho\",\"description\":\"Alterciacho Pracownia Cukiernicza\",\"publisher\":{\"@id\":\"https:\/\/alterciacho.pl\/#organization\"},\"potentialAction\":[{\"@type\":\"SearchAction\",\"target\":{\"@type\":\"EntryPoint\",\"urlTemplate\":\"https:\/\/alterciacho.pl\/?s={search_term_string}\"},\"query-input\":\"required name=search_term_string\"}],\"inLanguage\":\"pl-PL\"},{\"@type\":\"Organization\",\"@id\":\"https:\/\/alterciacho.pl\/#organization\",\"name\":\"Alterciacho\",\"url\":\"https:\/\/alterciacho.pl\/\",\"logo\":{\"@type\":\"ImageObject\",\"inLanguage\":\"pl-PL\",\"@id\":\"https:\/\/alterciacho.pl\/#\/schema\/logo\/image\/\",\"url\":\"https:\/\/alterciacho.pl\/wp-content\/uploads\/2021\/04\/alterciacho_logo_144x144.png\",\"contentUrl\":\"https:\/\/alterciacho.pl\/wp-content\/uploads\/2021\/04\/alterciacho_logo_144x144.png\",\"width\":144,\"height\":144,\"caption\":\"Alterciacho\"},\"image\":{\"@id\":\"https:\/\/alterciacho.pl\/#\/schema\/logo\/image\/\"}}]}<\/script>\n<!-- \/ Yoast SEO plugin. -->","yoast_head_json":{"title":"Mini- deser migda\u0142-karmel-kawa - Alterciacho","robots":{"index":"index","follow":"follow","max-snippet":"max-snippet:-1","max-image-preview":"max-image-preview:large","max-video-preview":"max-video-preview:-1"},"canonical":"https:\/\/alterciacho.pl\/index.php\/produkt\/mini-deser-migdal-karmel-kawa\/","og_locale":"pl_PL","og_type":"article","og_title":"Mini- deser migda\u0142-karmel-kawa - Alterciacho","og_description":"migda\u0142owy sp\u00f3d zapiekany ( frangipane )  ubijany krem karmelowo kawowy  Pralina migda\u0142owo kawowa  Cena za zestaw 16 szt.\u00a0  &nbsp;","og_url":"https:\/\/alterciacho.pl\/index.php\/produkt\/mini-deser-migdal-karmel-kawa\/","og_site_name":"Alterciacho","article_modified_time":"2026-02-23T18:53:23+00:00","og_image":[{"width":1441,"height":2560,"url":"https:\/\/alterciacho.pl\/wp-content\/uploads\/2026\/02\/20260208_094658-scaled.jpg","type":"image\/jpeg"}],"twitter_card":"summary_large_image","schema":{"@context":"https:\/\/schema.org","@graph":[{"@type":"WebPage","@id":"https:\/\/alterciacho.pl\/index.php\/produkt\/mini-deser-migdal-karmel-kawa\/","url":"https:\/\/alterciacho.pl\/index.php\/produkt\/mini-deser-migdal-karmel-kawa\/","name":"Mini- deser migda\u0142-karmel-kawa - Alterciacho","isPartOf":{"@id":"https:\/\/alterciacho.pl\/#website"},"datePublished":"2026-02-23T18:51:09+00:00","dateModified":"2026-02-23T18:53:23+00:00","breadcrumb":{"@id":"https:\/\/alterciacho.pl\/index.php\/produkt\/mini-deser-migdal-karmel-kawa\/#breadcrumb"},"inLanguage":"pl-PL","potentialAction":[{"@type":"ReadAction","target":["https:\/\/alterciacho.pl\/index.php\/produkt\/mini-deser-migdal-karmel-kawa\/"]}]},{"@type":"BreadcrumbList","@id":"https:\/\/alterciacho.pl\/index.php\/produkt\/mini-deser-migdal-karmel-kawa\/#breadcrumb","itemListElement":[{"@type":"ListItem","position":1,"name":"Strona g\u0142\u00f3wna","item":"https:\/\/alterciacho.pl\/"},{"@type":"ListItem","position":2,"name":"Sklep","item":"https:\/\/alterciacho.pl\/index.php\/sklep\/"},{"@type":"ListItem","position":3,"name":"Mini- deser migda\u0142-karmel-kawa"}]},{"@type":"WebSite","@id":"https:\/\/alterciacho.pl\/#website","url":"https:\/\/alterciacho.pl\/","name":"Alterciacho","description":"Alterciacho Pracownia Cukiernicza","publisher":{"@id":"https:\/\/alterciacho.pl\/#organization"},"potentialAction":[{"@type":"SearchAction","target":{"@type":"EntryPoint","urlTemplate":"https:\/\/alterciacho.pl\/?s={search_term_string}"},"query-input":"required name=search_term_string"}],"inLanguage":"pl-PL"},{"@type":"Organization","@id":"https:\/\/alterciacho.pl\/#organization","name":"Alterciacho","url":"https:\/\/alterciacho.pl\/","logo":{"@type":"ImageObject","inLanguage":"pl-PL","@id":"https:\/\/alterciacho.pl\/#\/schema\/logo\/image\/","url":"https:\/\/alterciacho.pl\/wp-content\/uploads\/2021\/04\/alterciacho_logo_144x144.png","contentUrl":"https:\/\/alterciacho.pl\/wp-content\/uploads\/2021\/04\/alterciacho_logo_144x144.png","width":144,"height":144,"caption":"Alterciacho"},"image":{"@id":"https:\/\/alterciacho.pl\/#\/schema\/logo\/image\/"}}]}},"_links":{"self":[{"href":"https:\/\/alterciacho.pl\/index.php\/wp-json\/wp\/v2\/product\/2542","targetHints":{"allow":["GET"]}}],"collection":[{"href":"https:\/\/alterciacho.pl\/index.php\/wp-json\/wp\/v2\/product"}],"about":[{"href":"https:\/\/alterciacho.pl\/index.php\/wp-json\/wp\/v2\/types\/product"}],"wp:featuredmedia":[{"embeddable":true,"href":"https:\/\/alterciacho.pl\/index.php\/wp-json\/wp\/v2\/media\/2543"}],"wp:attachment":[{"href":"https:\/\/alterciacho.pl\/index.php\/wp-json\/wp\/v2\/media?parent=2542"}],"wp:term":[{"taxonomy":"product_brand","embeddable":true,"href":"https:\/\/alterciacho.pl\/index.php\/wp-json\/wp\/v2\/product_brand?post=2542"},{"taxonomy":"product_cat","embeddable":true,"href":"https:\/\/alterciacho.pl\/index.php\/wp-json\/wp\/v2\/product_cat?post=2542"},{"taxonomy":"product_tag","embeddable":true,"href":"https:\/\/alterciacho.pl\/index.php\/wp-json\/wp\/v2\/product_tag?post=2542"}],"curies":[{"name":"wp","href":"https:\/\/api.w.org\/{rel}","templated":true}]}}

Mini- deser migdał-karmel-kawa

<ul>
<li style="text-align: left;">migdałowy spód zapiekany ( frangipane )</li>
<li style="text-align: left;">ubijany krem karmelowo kawowy</li>
<li style="text-align: left;">Pralina migdałowo kawowa</li>
</ul>
<p><strong>Cena za zestaw 16 szt. </strong></p>
<p>&nbsp;</p>

<!-- This site is optimized with the Yoast SEO plugin v20.11 - https://yoast.com/wordpress/plugins/seo/ -->
<title>Mini- deser migdał-karmel-kawa - Alterciacho</title>
<meta name="robots" content="index, follow, max-snippet:-1, max-image-preview:large, max-video-preview:-1" />
<link rel="canonical" href="https://alterciacho.pl/index.php/produkt/mini-deser-migdal-karmel-kawa/" />
<meta property="og:locale" content="pl_PL" />
<meta property="og:type" content="article" />
<meta property="og:title" content="Mini- deser migdał-karmel-kawa - Alterciacho" />
<meta property="og:description" content="migdałowy spód zapiekany ( frangipane )  ubijany krem karmelowo kawowy  Pralina migdałowo kawowa  Cena za zestaw 16 szt.   &nbsp;" />
<meta property="og:url" content="https://alterciacho.pl/index.php/produkt/mini-deser-migdal-karmel-kawa/" />
<meta property="og:site_name" content="Alterciacho" />
<meta property="article:modified_time" content="2026-02-23T18:53:23+00:00" />
<meta property="og:image" content="https://alterciacho.pl/wp-content/uploads/2026/02/20260208_094658-scaled.jpg" />
	<meta property="og:image:width" content="1441" />
	<meta property="og:image:height" content="2560" />
	<meta property="og:image:type" content="image/jpeg" />
<meta name="twitter:card" content="summary_large_image" />
<script type="application/ld+json" class="yoast-schema-graph">{"@context":"https://schema.org","@graph":[{"@type":"WebPage","@id":"https://alterciacho.pl/index.php/produkt/mini-deser-migdal-karmel-kawa/","url":"https://alterciacho.pl/index.php/produkt/mini-deser-migdal-karmel-kawa/","name":"Mini- deser migdał-karmel-kawa - Alterciacho","isPartOf":{"@id":"https://alterciacho.pl/#website"},"datePublished":"2026-02-23T18:51:09+00:00","dateModified":"2026-02-23T18:53:23+00:00","breadcrumb":{"@id":"https://alterciacho.pl/index.php/produkt/mini-deser-migdal-karmel-kawa/#breadcrumb"},"inLanguage":"pl-PL","potentialAction":[{"@type":"ReadAction","target":["https://alterciacho.pl/index.php/produkt/mini-deser-migdal-karmel-kawa/"]}]},{"@type":"BreadcrumbList","@id":"https://alterciacho.pl/index.php/produkt/mini-deser-migdal-karmel-kawa/#breadcrumb","itemListElement":[{"@type":"ListItem","position":1,"name":"Strona główna","item":"https://alterciacho.pl/"},{"@type":"ListItem","position":2,"name":"Sklep","item":"https://alterciacho.pl/index.php/sklep/"},{"@type":"ListItem","position":3,"name":"Mini- deser migdał-karmel-kawa"}]},{"@type":"WebSite","@id":"https://alterciacho.pl/#website","url":"https://alterciacho.pl/","name":"Alterciacho","description":"Alterciacho Pracownia Cukiernicza","publisher":{"@id":"https://alterciacho.pl/#organization"},"potentialAction":[{"@type":"SearchAction","target":{"@type":"EntryPoint","urlTemplate":"https://alterciacho.pl/?s={search_term_string}"},"query-input":"required name=search_term_string"}],"inLanguage":"pl-PL"},{"@type":"Organization","@id":"https://alterciacho.pl/#organization","name":"Alterciacho","url":"https://alterciacho.pl/","logo":{"@type":"ImageObject","inLanguage":"pl-PL","@id":"https://alterciacho.pl/#/schema/logo/image/","url":"https://alterciacho.pl/wp-content/uploads/2021/04/alterciacho_logo_144x144.png","contentUrl":"https://alterciacho.pl/wp-content/uploads/2021/04/alterciacho_logo_144x144.png","width":144,"height":144,"caption":"Alterciacho"},"image":{"@id":"https://alterciacho.pl/#/schema/logo/image/"}}]}</script>
<!-- / Yoast SEO plugin. -->

Mini- deser migdał-karmel-kawa - Alterciacho

migdałowy spód zapiekany ( frangipane )  ubijany krem karmelowo kawowy  Pralina migdałowo kawowa  Cena za zestaw 16 szt.   &nbsp;

Strona główna
